What is the remainder when 558721251 is divided by 39?
36
What is the remainder when 22860219 is divided by 16399?
13
Calculate the remainder when 41428082 is divided by 48.
2
Calculate the remainder when 35584194 is divided by 8896032.
66
What is the remainder when 47730902 is divided by 17850?
2
What is the remainder when 21192269 is divided by 47?
16
Calculate the remainder when 6261806 is divided by 199.
72
Calculate the remainder when 1640261 is divided by 768.
581
Calculate the remainder when 111053 is divided by 21032.
5893
What is the remainder when 294814 is divided by 48?
46
What is the remainder when 5724954 is divided by 337?
335
What is the remainder when 1817399 is divided by 274?
231
Calculate the remainder when 2273210 is divided by 177.
176
Calculate the remainder when 1178332 is divided by 3202.
3198
What is the remainder when 417675955 is divided by 520?
515
What is the remainder when 2186624 is divided by 1715?
1714
Calculate the remainder when 1343315 is divided by 34443.
38
Calculate the remainder when 583937 is divided by 2726.
573
What is the remainder when 1329606 is divided by 2468?
1822
What is the remainder when 2383621 is divided by 441?
16
What is the remainder when 456428 is divided by 272?
12
Calculate the remainder when 2658225 is divided by 886060.
45
Calculate the remainder when 4129928 is divided by 567.
467
Calculate the remainder when 891 is divided by 51.
24
What is the remainder when 1153452 is divided by 30352?
76
Calculate the remainder when 2520235 is divided by 137.
120
What is the remainder when 77999243 is divided by 375?
368
What is the remainder when 9994 is divided by 829?
46
What is the remainder when 30622 is divided by 1933?
1627
What is the remainder when 6210487 is divided by 26427?
142
What is the remainder when 2588486 is divided by 235314?
32
Calculate the remainder when 8383709 is divided by 4191852.
5
Calculate the remainder when 877384 is divided by 4414.
3412
What is the remainder when 4720512 is divided by 1945?
1942
What is the remainder when 1331478 is divided by 332681?
754
Calculate the remainder when 7911811 is divided by 34399.
41
What is the remainder when 37682681 is divided by 5017?
5011
Calculate the remainder when 348915 is divided by 110.
105
What is the remainder when 2046568 is divided by 772?
768
What is the remainder when 29036 is divided by 11523?
5990
What is the remainder when 63521 is divided by 61186?
2335
What is the remainder when 195369 is divided by 1098?
1023
Calculate the remainder when 35098 is divided by 1373.
773
Calculate the remainder when 5590767 is divided by 2487.
2478
What is the remainder when 2480183 is divided by 27?
17
Calculate the remainder when 7461004 is divided by 186.
172
What is the remainder when 2685192 is divided by 12374?
34
Calculate the remainder when 431414 is divided by 673.
21
Calculate the remainder when 55150 is divided by 55144.
6
What is the remainder when 722643 is divided by 1124?
1035
Calculate the remainder when 466979 is divided by 466903.
76
What is the remainder when 282572 is divided by 159?
29
What is the remainder when 229409 is divided by 57251?
405
Calculate the remainder when 1219796 is divided by 134.
128
Calculate the remainder when 745670 is divided by 308.
2
Calculate the remainder when 706207 is divided by 1432.
231
Calculate the remainder when 355997183 is divided by 512.
511
What is the remainder when 226512 is divided by 861?
69
Calculate the remainder when 12404784 is divided by 1384.
1376
What is the remainder when 3109436 is divided by 57582?
8
What is the remainder when 141623630 is divided by 9?
8
What is the remainder when 12820 is divided by 2278?
1430
What is the remainder when 218442697 is divided by 41?
27
Calculate the remainder when 153887 is divided by 1292.
139
Calculate the remainder when 4297672 is divided by 72.
64
What is the remainder when 6410872 is divided by 742?
734
Calculate the remainder when 4912369 is divided by 4080.
49
What is the remainder when 136625 is divided by 19506?
83
What is the remainder when 24151568 is divided by 5?
3
What is the remainder when 6267331 is divided by 735?
721
Calculate the remainder when 80457 is divided by 2062.
39
What is the remainder when 173863145 is divided by 134361?
11
Calculate the remainder when 432968 is divided by 7611.
6752
What is the remainder when 1518288 is divided by 506075?
63
Calculate the remainder when 49908 is divided by 12354.
492
What is the remainder when 296360 is divided by 10517?
1884
Calculate the remainder when 116611335 is divided by 8189.
8164
Calculate the remainder when 68701 is divided by 818.
807
What is the remainder when 115593283 is divided by 115?
113
Calculate the remainder when 842266046 is divided by 416.
414
Calculate the remainder when 8806309 is divided by 324.
313
What is the remainder when 2392339 is divided by 149521?
3
What is the remainder when 610863 is divided by 1046?
1045
What is the remainder when 5343278 is divided by 78?
44
What is the remainder when 2356245 is divided by 186?
183
Calculate the remainder when 1171532 is divided by 55786.
26
Calculate the remainder when 1374087 is divided by 806.
663
What is the remainder when 1366259752 is divided by 138?
136
Calculate the remainder when 6765998 is divided by 1706.
2
Calculate the remainder when 3966861 is divided by 1983426.
9
Calculate the remainder when 56292757 is divided by 723.
700
Calculate the remainder when 889796 is divided by 88850.
1296
What is the remainder when 32216307 is divided by 210?
207
Calculate the remainder when 12818853 is divided by 2136474.
9
What is the remainder when 66009756 is divided by 21?
15
What is the remainder when 8524058 is divided by 77?
4
Calculate the remainder when 41313734 is divided by 1905.
1904
What is the remainder when 1154367 is divided by 2963?
1760
What is the remainder when 164271 is divided by 764?
11
What is the remainder when 12108240 is divided by 193?
192
Calculate the remainder when 198788 is divided by 66118.
434
Calculate the remainder when 1428177 is divided by 668.
661
What is the remainder when 2032027763 is divided by 509?
508
What is the remainder when 20155939 is divided by 4031135?
264
Calculate the remainder when 49301185 is divided by 1601.
1592
Calculate the remainder when 340893 is divided by 7750.
7643
What is the remainder when 1234682 is divided by 1367?
281
Calculate the remainder when 6121337 is divided by 10.
7
Calculate the remainder when 45479003 is divided by 65.
63
What is the remainder when 18269163 is divided by 6089708?
39
Calculate the remainder when 20716 is divided by 5354.
4654
What is the remainder when 10808790 is divided by 5399?
5391
Calculate the remainder when 754230903 is divided by 78.
75
What is the remainder when 8112660 is divided by 901405?
15
What is the remainder when 4789765 is divided by 1109?
1103
Calculate the remainder when 3183591383 is divided by 12744.
12743
Calculate the remainder when 171088 is divided by 28474.
244
Calculate the remainder when 54284 is divided by 474.
248
Calculate the remainder when 316853 is divided by 3902.
791
What is the remainder when 297127 is divided by 74000?
1127
What is the remainder when 2283642 is divided by 326?
12
Calculate the remainder when 23007367 is divided by 119830.
7
Calculate the remainder when 194728 is divided by 21200.
3928
Calculate the remainder when 3347747 is divided by 50.
47
What is the remainder when 284792 is divided by 12288?
2168
What is the remainder when 15827447 is divided by 1741?
16
What is the remainder when 116580311 is divided by 46354?
1
Calculate the remainder when 731761 is divided by 9756.
61
Calculate the remainder when 165987 is divided by 186.
75
Calculate the remainder when 73016 is divided by 9083.
352
What is the remainder when 7156774 is divided by 1583?
31
What is the remainder when 133284 is divided by 48?
36
Calculate the remainder when 1571089 is divided by 523554.
427
What is the remainder when 588557 is divided by 1789?
1765
What is the remainder when 53879830 is divided by 17959929?
43
Calculate the remainder when 1645904 is divided by 43312.
48
What is the remainder when 559929 is divided by 49?
6
What is the remainder when 55229726 is divided 